 -3?
2669
In base 2, what is 0 + -1100010100?
-1100010100
In base 13, what is 5 + -ba7?
-ba2
In base 14, what is 209d + -2?
209b
In base 12, what is -2 - -39?
37
In base 15, what is -2 - 31c?
-31e
In base 12, what is 3660 - 2?
365a
In base 12, what is 139 - 1?
138
In base 16, what is -d9 + 4?
-d5
In base 6, what is 33 - -101?
134
In base 13, what is 7 - -1?
8
In base 5, what is -30 - 11?
-41
In base 11, what is 1983 - 2?
1981
In base 9, what is -70 - -8?
-61
In base 10, what is -2649 + 4?
-2645
In base 13, what is 15 + -12?
3
In base 7, what is 355 - -35?
423
In base 6, what is 1112 + -13?
1055
In base 12, what is 26ab - -5?
26b4
In base 7, what is 1 + -5415?
-5414
In base 14, what is 1 - -10?
11
In base 15, what is 4 + -2b?
-27
In base 16, what is 1de5 + -5?
1de0
In base 16, what is 0 - 25?
-25
In base 7, what is -11 + 232?
221
In base 10, what is 654 + 3?
657
In base 12, what is -598b + -2?
-5991
In base 14, what is 3 - 24c9?
-24c6
In base 11, what is 19 - 1?
18
In base 13, what is 7 + 77c?
786
In base 15, what is 3 + 134?
137
In base 6, what is 152205 - -3?
152212
In base 15, what is 11 + 2c?
3d
In base 14, what is -24 - -6?
-1c
In base 2, what is 111110000100010 + 100?
111110000100110
In base 13, what is -37 - -2a?
-a
In base 5, what is -103302 - 0?
-103302
In base 8, what is 2047 - 7?
2040
In base 16, what is -3 + 15?
12
In base 14, what is 3 - c?
-9
In base 3, what is -1 + 1102?
1101
In base 3, what is 22122 - 10021?
12101
In base 10, what is 2073 - -4?
2077
In base 6, what is -2 + -1123?
-1125
In base 7, what is 2 - -125?
130
In base 5, what is -3 + 13233?
13230
In base 15, what is -56 + 8?
-4d
In base 8, what is 124 - -10?
134
In base 13, what is 28 + 24?
4c
In base 3, what is -2101121 - -10?
-2101111
In base 8, what is 24 - 1505?
-1461
In base 10, what is -10 - -2?
-8
In base 5, what is 10 + -3132?
-3122
In base 3, what is -11122021 + 11?
-11122010
In base 7, what is 64 - 36?
25
In base 10, what is 3 - 84?
-81
In base 8, what is 3 + -356?
-353
In base 11, what is -2 + -672?
-674
In base 13, what is 6 + -93?
-8a
In base 5, what is 4 - -1220?
1224
In base 16, what is d6 - 24?
b2
In base 12, what is -143 + 41?
-102
In base 12, what is -1 - 86?
-87
In base 7, what is 1 + -21434?
-21433
In base 5, what is -243 - -2?
-241
In base 5, what is -11 - 444?
-1010
In base 16, what is 167 + 1?
168
In base 10, what is -62 - -80?
18
In base 9, what is -2 - -22?
20
In base 3, what is -1 - -2120?
2112
In base 11, what is -4 - -126?
122
In base 10, what is -143 - 0?
-143
In base 14, what is 1 - a60?
-a5d
In base 11, what is -5 - -1426?
1421
In base 10, what is 1 + -1092?
-1091
In base 13, what is a + -6?
4
In base 8, what is 352 + 20?
372
In base 5, what is 3 - -343?
401
In base 12, what is -1237 - -5?
-1232
In base 6, what is -30 - -32?
2
In base 3, what is -111 - -21002?
20121
In base 6, what is -11 - -4244?
4233
In base 7, what is 1011 - -13?
1024
In base 2, what is -101001110111 - 10?
-101001111001
In base 6, what is 5 - -5505?
5514
In base 13, what is 34 - 0?
34
In base 5, what is -13112 + -24?
-13141
In base 9, what is 35 + -5?
30
In base 4, what is -1 - 211121?
-211122
In base 6, what is -231 + 0?
-231
In base 15, what is 1d1 + -5?
1cb
In base 5, what is -1 - 40400?
-40401
In base 13, what is 4a - 21?
29
In base 9, what is 2 + 11?
13
In base 15, what is 3 + -e0?
-dc
In base 8, what is 1 + -122?
-121
In base 13, what is -14a - -7?
-143
In base 10, what is 1 + -5921?
-5920
In base 11, what is -5 - -43a0?
4396
In base 2, what is 100 - -11101011111?
11101100011
In base 4, what is 32 - 10?
22
In base 8, what is -3 + 434?
431
In base 14, what is 21d + -1?
21c
In base 15, what is 2 + cc?
ce
In base 6, what is -3043 - -4?
-3035
In base 4, what is -12113 - 0?
-12113
In base 12, what is 5 - 1428?
-1423
In base 5, what is -11241 + 2?
-11234
In base 8, what is -30 - -65?
35
In base 13, what is -3 + -743?
-746
In base 8, what is 27 - 523?
-474
In base 15, what is -1745 - -1?
-1744
In base 11, what is 10 + -479?
-469
In base 15, what is 5 - -10e?
114
In base 13, what is 1 - -20?
21
In base 4, what is 12 - 20300?
-20222
In base 5, what is -2 + 133?
131
In base 10, what is -465 + -5?
-470
In base 2, what is -10101101 + -100?
-10110001
In base 7, what is 1154 - -51?
1235
In base 2, what is 1111111111 + 11?
10000000010
In base 9, what is 0 - -5025?
5025
In base 11, what is 45837 + 0?
45837
In base 15, what is 2 + 3b?
3d
In base 13, what is 13 - 131?
-11b
In base 2, what is 0 + -10001111001?
-10001111001
In base 7, what is 12 + -3?
6
In base 13, what is c3a - -5?
c42
In base 3, what is 22 - 112?
-20
In base 3, what is 1 + 20111002?
20111010
In base 2, what is 10101 - 110011?
-11110
In base 8, what is -1 + -111?
-112
In base 14, what is 72 + -3?
6d
In base 12, what is 7 + 142?
149
In base 13, what is -5cc - 5?
-604
In base 3, what is 120211 + -10?
120201
In base 14, what is -79 + 3?
-76
In base 15, what is -1 - 87?
-88
In base 14, what is 2d - -d?
3c
In base 9, what is 13 + 11?
24
In base 3, what is 1020200 + 20?
1020220
In base 12, what is 315 + 2?
317
In base 9, what is 158 - -2?
161
In base 6, what is 3022 - -5?
3031
In base 4, what is -112 + 2?
-110
In base 11, what is -168 + 5?
-163
In base 9, what is -7 - 162?
-170
In base 13, what is 4 - -9a?
a1
In base 11, what is 2974 + -1?
2973
In base 10, what is -4 + -843?
-847
In base 4, what is 132032 + 2?
132100
In base 6, what is -13122 + -4?
-13130
In base 4, what is -332 + -3?
-1001
In base 11, what is -1 + -a35?
-a36
In base 6, what is 0 - -104?
104
In base 7, what is 1 - 0?
1
In base 4, what is 11 - -21?
32
In base 14, what is 5 + 896?
89b
In base 12, what is 49a - 0?
49a
In base 10, what is -62 - 1?
-63
In base 16, what is 423 + -4?
41f
In base 4, what is -23 + -12033?
-12122
In base 3, what is -21 + -11100?
-11121
In base 16, what is -37 - 5?
-3c
In base 9, what is -101 + 147?
46
In base 3, what is 1 - -21122?
21200
In base 8, what is 24 - 6?
16
In base 16, what is 4 + 99?
9d
In base 9, what is 5 - -2634?
2640
In base 14, what is -c60 + -4?
-c64
In base 6, what is 40 - 1?
35
In base 3, what is -200 + -20?
-220
In base 13, what is -84 + -1a?
-a1
In base 14, what is -8b + -54?
-101
In base 5, what is 2013 + -10?
2003
In base 10, what is -20 - 94?
-114
In base 10, what is 1 + 175?
176
In base 11, what is -4 + -12?
-16
In base 2, what is 101000100000 + -10?
101000011110
In base 15, what is -35 + 3?
-32
In base 6, what is 4005 + -2?
4003
In base 10, what is 13 - -5?
18
In base 11, what is -4 + 53?
4a
In base 13, what is -524 + b?
-516
In base 16, what is -a + 25?
1b
In base 10, what is 13 - 47?
-34
In base 12, what is -164 + -3?
-167
In base 16, what is 17 + 15?
2c
In base 14, what is -1 + 190?
18d
In base 7, what is -65466 + -5?
-65504
In base 7, what is 2 - -1202?
1204
In base 2, what is 10001 + -1100?
101
In base 15, what is -43 - 9?
-4c
In base 14, what is -112 - -12?
-100
In base 9, what is 3173 - 0?
3173
In base 3, what is -12 + 12222?
12210
In base 10, what is 5 - 7?
-2
In base 6, what is 1223 + 1?
1224
In base 10, what is -50 + -2?
-52
In base 13, what is 7 - -9?
13
In base 7, what is 3 - 13322?
-13316
In base 11, what is -541a + 1?
-5419
In base 2, what is 101000010011 + 100?
101000010111
In base 9, what is -2 + -2717?
-2720
In base 12, what is 2b - 15?
16
In base 4, what is 22 + 2031?
2113
In base 13, what is -c + 16?
7
In base 14, what is -59cc - -4?
-59c8
In base 10, what is 178 - 13?
165
In base 4, what is -2222 + 20?
-2202
In base 14, what is -3 + -402?
-405
In base 6, what is -3 + 1333?
1330
In base 8, what is -67 + 13?
-54
In base 4, what is 12122 + 3?
12131
In base 7, what is -2516 + 1?
-2515
In base 8, what is 3222 + 4?
3226
In base 13, what is -598c + -3?
-5992
In base 7, what is 1 - -31?
32
In base 4, what is 2101 + 1?
2102
In base 6, what is 20351 + 0?
20351
In base 8, what is -353 - 0?
-353
In base 14, what is -2b1 - 2?
-2b3
In base 12, what is 2 + -115?
-113
In base 6, what is 1 + 1525?
1530
In base 4, what is -1 - -1102?
1101
In base 16, what is -1 + 586?
585
In base 13, what is 2 + c0?
c2
In base 9, what is 140 + -4?
135
In base 13, what is 80b - -19?
827
In base 5, what is -142201 + 0?
-142201
In base 9, what is 352 - -74?
436
In base 6, what is -54 + -1?
-55
In base 4, what is 1303 - 